ors of 221454283?
9029, 24527
List the prime factors of 47480228.
2, 227, 52291
What are the prime factors of 2307140906?
2, 7, 164795779
What are the prime factors of 174975291?
3, 191, 101789
What are the prime factors of 3315027549?
3, 337, 3278959
List the prime factors of 3455460507.
3, 3191, 360959
List the prime factors of 3347597673.
3, 7, 71, 89, 2803
What are the prime factors of 12672692?
2, 661, 4793
What are the prime factors of 2187826220?
2, 5, 17, 53, 317, 383
List the prime factors of 121942806.
2, 3, 20323801
What are the prime factors of 640787744?
2, 113, 177209
List the prime factors of 996825336.
2, 3, 13, 23, 31, 4481
List the prime factors of 1018294712.
2, 223, 457, 1249
What are the prime factors of 1378116680?
2, 5, 1291, 26687
What are the prime factors of 292609116?
2, 3, 563, 14437
List the prime factors of 34811995.
5, 23, 263, 1151
What are the prime factors of 4276739983?
563, 7596341
List the prime factors of 1139983653.
3, 37, 149, 68927
List the prime factors of 1405081552.
2, 7, 17, 29, 25447
List the prime factors of 520712693.
520712693
List the prime factors of 1733715641.
7, 17, 31, 469969
What are the prime factors of 16989638?
2, 173, 49103
What are the prime factors of 340954103?
7, 6958247
List the prime factors of 130402709.
23, 31, 182893
What are the prime factors of 3400971?
3, 7, 71, 2281
What are the prime factors of 422017272?
2, 3, 5861351
What are the prime factors of 47906488?
2, 7, 53, 16141
List the prime factors of 2486060234.
2, 7, 271, 655261
List the prime factors of 62940377.
2027, 31051
List the prime factors of 719596084.
2, 41, 197, 22273
List the prime factors of 1575384760.
2, 5, 97, 406027
What are the prime factors of 84495399?
3, 23, 317, 3863
List the prime factors of 72913316.
2, 7, 181, 14387
List the prime factors of 603474461.
603474461
List the prime factors of 210695698.
2, 105347849
What are the prime factors of 796937701?
7, 79, 1441117
What are the prime factors of 214228058?
2, 11, 9737639
What are the prime factors of 6420987?
3, 283, 2521
List the prime factors of 2180494333.
463, 4709491
List the prime factors of 919869159.
3, 11, 27874823
What are the prime factors of 102826144?
2, 59, 107, 509
List the prime factors of 10322722.
2, 23, 349, 643
What are the prime factors of 61015136?
2, 7, 13, 23, 911
What are the prime factors of 262011848?
2, 7, 4678783
List the prime factors of 1072014243.
3, 571, 625811
List the prime factors of 2883726129.
3, 961242043
List the prime factors of 5541674395.
5, 23, 2095151
List the prime factors of 4988437504.
2, 61, 79861
List the prime factors of 2483565140.
2, 5, 7, 311, 57041
What are the prime factors of 160726929?
3, 11, 41, 211, 563
List the prime factors of 146372446.
2, 11, 73, 91141
List the prime factors of 943218143.
7, 134745449
What are the prime factors of 212723541?
3, 23635949
What are the prime factors of 42230130?
2, 3, 5, 1407671
What are the prime factors of 8278914683?
13, 193, 3299687
List the prime factors of 2222174388.
2, 3, 7, 26454457
What are the prime factors of 3531177?
3, 13, 30181
What are the prime factors of 1042608653?
23, 109, 415879
List the prime factors of 1302001487.
29, 44896603
What are the prime factors of 1466484859?
7, 209497837
What are the prime factors of 928570763?
6863, 135301
What are the prime factors of 333268956?
2, 3, 9257471
What are the prime factors of 42965629?
7, 59, 104033
List the prime factors of 3680147132.
2, 37, 24865859
What are the prime factors of 5462940433?
71, 127, 605849
What are the prime factors of 41258498?
2, 197, 104717
List the prime factors of 14755395.
3, 5, 311, 3163
What are the prime factors of 147275419?
173, 851303
What are the prime factors of 489204831?
3, 31, 5260267
List the prime factors of 122125154.
2, 6871, 8887
List the prime factors of 1113007571.
13, 43, 131, 15199
List the prime factors of 196209391.
7, 761, 36833
What are the prime factors of 454126824?
2, 3, 41, 17093
What are the prime factors of 4831811863?
18059, 267557
List the prime factors of 1051823276.
2, 7, 37565117
List the prime factors of 34745611.
34745611
List the prime factors of 85739049.
3, 11, 866051
List the prime factors of 639411944.
2, 79926493
List the prime factors of 342056165.
5, 11, 6219203
List the prime factors of 320105718.
2, 3, 17783651
List the prime factors of 4045782.
2, 3, 13, 51869
What are the prime factors of 3948106742?
2, 31, 73, 872317
What are the prime factors of 108584943?
3, 19, 1904999
What are the prime factors of 32076838?
2, 16038419
List the prime factors of 92553231.
3, 691, 44647
What are the prime factors of 3513018984?
2, 3, 19, 757, 10177
List the prime factors of 1132248413.
1132248413
List the prime factors of 207094392.
2, 3, 23, 79, 1583
What are the prime factors of 1495160462?
2, 747580231
What are the prime factors of 3726627249?
3, 653, 1902311
List the prime factors of 22750505.
5, 17, 19, 14087
What are the prime factors of 218197567?
7, 17, 151, 12143
List the prime factors of 59281532.
2, 1129, 13127
What are the prime factors of 555787223?
113, 1951, 2521
List the prime factors of 72380149.
23, 1613, 1951
List the prime factors of 5006380254.
2, 3, 834396709
What are the prime factors of 413418420?
2, 3, 5, 349, 6581
What are the prime factors of 5442707?
2099, 2593
What are the prime factors of 8203551?
3, 367, 7451
List the prime factors of 4740350906.
2, 2370175453
List the prime factors of 616365106.
2, 7, 61, 721739
List the prime factors of 652029344.
2, 79, 97, 2659
List the prime factors of 3260608724.
2, 815152181
What are the prime factors of 919585111?
467, 839, 2347
List the prime factors of 36330933.
3, 12110311
List the prime factors of 546423212.
2, 233, 586291
List the prime factors of 63486784.
2, 991981
What are the prime factors of 84386145?
3, 5, 367, 15329
What are the prime factors of 1038453286?
2, 13, 29, 105943
What are the prime factors of 3146022735?
3, 5, 1123, 186763
List the prime factors of 1868451301.
47, 227, 175129
List the prime factors of 18294766.
2, 7, 29, 45061
What are the prime factors of 30413431?
29, 41, 25579
List the prime factors of 148777615.
5, 7, 107, 39727
What are the prime factors of 287656917?
3, 53, 1809163
What are the prime factors of 1096087681?
13, 97, 659, 1319
What are the prime factors of 16567918?
2, 1063, 7793
List the prime factors of 5453318284.
2, 26947, 50593
List the prime factors of 4708843919.
13, 163, 857, 2593
What are the prime factors of 390124952?
2, 7, 109, 63913
List the prime factors of 104082611.
1601, 65011
List the prime factors of 1739840827.
1739840827
What are the prime factors of 579401526?
2, 3, 11, 971, 9041
What are the prime factors of 366762245?
5, 1481, 49529
What are the prime factors of 344881711?
19, 23, 73, 569
List the prime factors of 64896777.
3, 11, 23, 2591
List the prime factors of 310301988.
2, 3, 25858499
List the prime factors of 1442123751.
3, 31, 389, 39863
What are the prime factors of 20970508?
2, 13, 31, 13009
List the prime factors of 1928967662.
2, 17, 56734343
List the prime factors of 190797817.
7, 17, 199, 1151
List the prime factors of 168234944.
2, 1069, 2459
List the prime factors of 39540658.
2, 197, 100357
List the prime factors of 1887860832.
2, 3, 11, 13, 137519
What are the prime factors of 866010721?
5081, 170441
List the prime factors of 512371402.
2, 43, 1097, 5431
List the prime factors of 43395242.
2, 11, 1972511
List the prime factors of 3261450604.
2, 31, 71, 370451
What are the prime factors of 266549421?
3, 88849807
List the prime factors of 66666672.
2, 3, 154321
What are the prime factors of 1549330650?
2, 3, 5, 7, 491851
List the prime factors of 207397912.
2, 25924739
What are the prime factors of 39226857?
3, 13075619
What are the prime factors of 146690459?
37, 3964607
What are the prime factors of 90773019?
3, 23, 438517
List the prime factors of 721803922.
2, 7, 51557423
What are the prime factors of 2228818858?
2, 7, 53, 97, 173, 179
List the prime factors of 192422974.
2, 97, 991871
What are the prime factors of 4903031423?
179, 461, 59417
List the prime factors of 57299734.
2, 28649867
What are the prime factors of 30393506?
2, 11, 13, 9661
List the prime factor